me?
True
Is 103814 prime?
False
Is 4685 composite?
True
Is 899531 a prime number?
True
Is 108111 a prime number?
False
Is 135217 a prime number?
False
Is 5793 prime?
False
Is 232541 composite?
True
Is 219927 a composite number?
True
Is 381 prime?
False
Is 11073 composite?
True
Is 14503 composite?
False
Is 7637 prime?
False
Is 5779 a composite number?
False
Is 2962891 prime?
True
Is 146117 a prime number?
True
Is 27065 a prime number?
False
Is 48017 a composite number?
False
Is 855971 a prime number?
False
Is 3761 a composite number?
False
Is 5771 prime?
False
Is 8341 a prime number?
False
Is 10133 prime?
True
Is 105911 prime?
False
Is 8551 a prime number?
False
Is 52433 prime?
True
Is 40367 a composite number?
True
Is 167921 a prime number?
False
Is 1397 prime?
False
Is 185947 composite?
False
Is 1096855 prime?
False
Is 402943 prime?
True
Is 15835 composite?
True
Is 8329 composite?
False
Is 27631 prime?
True
Is 104651 a composite number?
False
Is 27127 a composite number?
False
Is 19847 prime?
False
Is 68654 prime?
False
Is 48397 a composite number?
False
Is 217723 composite?
True
Is 33071 a prime number?
True
Is 2249 composite?
True
Is 17863 prime?
True
Is 33287 prime?
True
Is 645717 prime?
False
Is 24281 composite?
False
Is 29269 composite?
False
Is 1074793 prime?
False
Is 2787 a composite number?
True
Is 416677 a prime number?
True
Is 23509 prime?
True
Is 443603 a composite number?
False
Is 55291 a prime number?
True
Is 46021 composite?
False
Is 94709 prime?
True
Is 21143 a prime number?
True
Is 10821 a prime number?
False
Is 19531 composite?
False
Is 24659 a prime number?
True
Is 31883 a prime number?
True
Is 13906039 a prime number?
False
Is 4357 a composite number?
False
Is 65273 composite?
True
Is 2743 prime?
False
Is 23559 a prime number?
False
Is 34909 a composite number?
True
Is 52943 prime?
False
Is 54803 composite?
True
Is 3901 prime?
False
Is 19531 composite?
False
Is 13571 composite?
True
Is 5755 a composite number?
True
Is 55763 composite?
False
Is 193649 composite?
False
Is 254798 composite?
True
Is 67973 a composite number?
True
Is 59333 composite?
False
Is 6898 prime?
False
Is 37033 composite?
True
Is 14101 composite?
True
Is 1236403 a composite number?
True
Is 1361 a prime number?
True
Is 343303 a composite number?
False
Is 75343 a prime number?
False
Is 8129 a prime number?
False
Is 6679 prime?
True
Is 634713 a prime number?
False
Is 974 a prime number?
False
Is 95399 a prime number?
False
Is 89881 a composite number?
True
Is 56271 composite?
True
Is 15917 a composite number?
True
Is 28657 a prime number?
True
Is 3401 a composite number?
True
Is 6431 prime?
False
Is 285653 composite?
True
Is 37987 a composite number?
False
Is 107897 composite?
False
Is 1428754 prime?
False
Is 45811 composite?
True
Is 212959 a composite number?
True
Is 100753 prime?
False
Is 803633 a composite number?
True
Is 3104833 a prime number?
True
Is 7609 a prime number?
False
Is 572137 a prime number?
True
Is 1213 a composite number?
False
Is 37241 a prime number?
False
Is 1343197 composite?
False
Is 62233 a prime number?
True
Is 73637 a composite number?
False
Is 7291 a prime number?
False
Is 66457 composite?
False
Is 32083 a composite number?
False
Is 401321 a composite number?
False
Is 1123879 composite?
False
Is 146215 a prime number?
False
Is 1591 a prime number?
False
Is 643639 a prime number?
True
Is 129581 composite?
False
Is 268573 prime?
True
Is 2039 a prime number?
True
Is 20607 a composite number?
True
Is 54971 a composite number?
True
Is 21531 prime?
False
Is 289439 prime?
True
Is 284831 prime?
True
Is 510649 prime?
False
Is 835313 prime?
True
Is 46199 prime?
True
Is 25097 prime?
True
Is 4162 a prime number?
False
Is 726413 a composite number?
False
Is 2578 a composite number?
True
Is 1007827 prime?
True
Is 79109 a composite number?
True
Is 258983 composite?
False
Is 60281 a composite number?
True
Is 3319951 prime?
True
Is 15761 prime?
True
Is 97649 composite?
False
Is 10637 composite?
True
Is 1444411 composite?
False
Is 4241 a composite number?
False
Is 2419 composite?
True
Is 17783 composite?
False
Is 1577117 composite?
False
Is 6289 a composite number?
True
Is 5311 a composite number?
True
Is 89951 a prime number?
False
Is 703 a composite number?
True
Is 18741 prime?
False
Is 4321 composite?
True
Is 6439 a composite number?
True
Is 17177 a composite number?
True
Is 574261 a prime number?
True
Is 3103509 prime?
False
Is 146719 a prime number?
True
Is 28895 a composite number?
True
Is 1573409 prime?
False
Is 24877 prime?
True
Is 1112933 prime?
False
Is 541 composite?
False
Is 100039 composite?
True
Is 58003 a composite number?
True
Is 391849 a composite number?
True
Is 237787 composite?
True
Is 131101 a prime number?
True
Is 95307 a composite number?
True
Is 2927 composite?
False
Is 4561 a composite number?
False
Is 62429 composite?
True
Is 1657 prime?
True
Is 15527 a prime number?
True
Is 905759 a prime number?
True
Is 2203 a prime number?
True
Is 80849 composite?
False
Is 80513 prime?
True
Is 73099 a composite number?
True
Is 397 a prime number?
True
Is 3775011 composite?
True
Is 610195 a prime number?
False
Is 404597 prime?
True
Is 674 a composite number?
True
Is 50665 composite?
True
Is 34793 composite?
True
Is 709 a prime number?
True
Is 7261 prime?
False
Is 4573 a composite number?
True
Is 151777 composite?
True
Is 144679 a composite number?
True
Is 76859 prime?
False
Is 225817 composite?
True
Is 218137 a composite number?
False
Is 12359 composite?
True
Is 21647 prime?
True
Is 45407 a prime number?
False
Is 9797 a composite number?
True
Is 1361273 prime?
True
Is 372797 prime?
True
Is 427767 prime?
False
Is 22433 a prime number?
True
Is 116491 prime?
True
Is 41077 a composite number?
False
Is 4315 prime?
False
Is 14143 composite?
False
Is 55021 a prime number?
True
Is 235349 composite?
False
Is 31643 a prime number?
True
Is 10673 composite?
True
Is 228953 composite?
False
Is 3254023 prime?
True
Is 19631 prime?
False
Is 484441 composite?
True
Is 33433 prime?
False
Is 2615 a prime number?
False
Is 5713 a composite number?
True
Is 109 a composite number?
False
Is 42899 a prime number?
True
Is 692117 prime?
True
Is 73641 prime?
False
Is 496283 a composite number?
False
Is 533443 composite?
True
Is 14437 a composite number?
False
Is 7477 prime?
True
Is 761 composite?
False
Is 7529 a prime number?
True
Is 16007 a prime number?
True
Is 4699 prime?
False
Is 8542 a composite number?
True
Is 213067 a composite number?
False
Is 28937 a prime number?
False
Is 764809 a prime number?
True
Is 12097 prime?
True
Is 340009 a prime number?
False
Is 72601 composite?
True
Is 64261 prime?
False
Is 10007 a composite number?
False
Is 401503 composite?
True
Is 573 a prime number?
False
Is 43517 composite?
False
Is 55789 a composite number?
True
Is 2893 a composite number?
True
Is 33505 a prime number?
False
Is 4272311 a composite number?
False
Is 33287 composite?
False
Is 47335 prime?
False
Is 30109 composite?
False
Is 18839 a composite number?
False
Is 5158 a composite number?
True
Is 28511 a prime number?
False
Is 843943 composite?
True
Is 277703 prime?
True
Is 1481 a prime number?
True
Is 11959 prime?
True
Is 228902 prime?
False
Is 33947 a composite number?
True
Is 91023 prime?
False
Is 27179 a composite number?
False
Is 151835 prime?
False
Is 25097 a prime number?
True
Is 160201 a composite number?
False
Is 41777 a composite number?
False
Is 2470261 a composite number?
False
Is 70259 prime?
False
Is 111143 prime?
True
Is 24391 a composite number?
False
Is 653063 prime?
False
Is 696313 prime?
True
Is 53683 a prime number?
False
Is 16603 a composite number?
False
Is 36433 a prime number?
True
Is 3048793 composite?
True
Is 305047 prime?
True
Is 31481 prime?
True
Is 34147 composite?
False
Is 4861 a prime number?
True
Is 19289 prime?
True
Is 812523 a prime number?
False
Is 2161 a prime number?
True
Is 110119 composite?
False
Is 113777 a composite number?
False
Is 3281 a composite number?
True
Is 462269 composite?
True
Is 50207 prime?
True
Is 50599 a composite number?
False
Is 673 a composite number?
False
Is 62273 prime?
True
Is 2495 composite?
True
Is 779927 a prime number?
True
Is 48955 a prime number?
False
Is 2264683 prime?
True
Is 1636997 a prime 